Let k = 8 - -9. What are the prime factors of k?
17
Let o(w) = w**2 - w - 65. Let x be o(0). Let p = 100 + x. What are the prime factors of p?
5, 7
Let w be 2/5 - 14/10. Let m(p) = 12*p**2 - 3*p - 2. What are the prime factors of m(w)?
13
Suppose -3 = -0*u - u. Let j(x) = x**3 - x**2 - 3*x + 4. Let y be j(u). Suppose z - y = -1. What are the prime factors of z?
2, 3
Let w be -12*(12/9)/(-4). Suppose -w*k = 3*m - 43, 4*k - 5*m = -2*m + 13. List the prime factors of k.
7
Suppose -3*a + 17 = -p, -6 = 2*p - 0*a + a. What are the prime factors of (p/(-10))/(2/44)?
11
Suppose u + 1 = 0, -2*u - 5 - 5 = -2*m. Let h(o) = o**3 - 2*o**2 - 8*o + 6. List the prime factors of h(m).
2, 3
Let x(p) = 16*p**3 + 2*p**2 + 2*p + 1. Let s be x(-1). What are the prime factors of (99/s)/((-2)/10)?
3, 11
Let k(b) = b - 7. Let f(g) = -g + 8. Let w(h) = -5*f(h) - 6*k(h). What are the prime factors of w(-8)?
2, 5
Let x(h) = -h**3 - 2*h**2 + 3*h. Let n be x(-3). What are the prime factors of (-2)/(-4)*(10 + n)?
5
Suppose -4 = 5*r - 24. Let z(k) = -k**2 - 13*k - 11. Let p be z(-12). Let c = p + r. List the prime factors of c.
5
Let s = 4 + 2. Suppose -s = 3*w - f - 46, -3*f = 2*w - 45. List the prime factors of w.
3, 5
Let u(q) be the first derivative of q**2/2 + 14*q - 3. What are the prime factors of u(-8)?
2, 3
Let g(d) = d**2 - d**2 - d**2 + d**3 + 9. Let k be g(0). Suppose 3*v - k = -0*v. List the prime factors of v.
3
Let r be (76/(-57))/((-1)/369). What are the prime factors of r/20 + 6/(-10)?
2, 3
Let r(j) be the third derivative of j**2 + 0*j + 0 + 1/6*j**4 + 1/3*j**3 + 1/60*j**5. What are the prime factors of r(-5)?
7
Let n = 584 + -404. What are the prime factors of n?
2, 3, 5
What are the prime factors of (-1294)/(-14) - 3*2/14?
2, 23
Suppose -1 = 2*k - 3. Let l = -6 - -4. What are the prime factors of (k - 11)*1/l?
5
Let y(o) = o**3 - 8*o**2 + 9*o - 3. Let v be y(7). Suppose -4*p = -53 - v. What are the prime factors of p?
2
Let n be (12/(-30))/((-1)/5). Suppose 5*m - 128 = -4*q, 0 = m - n*m - q + 25. Suppose -4*t = 12 - m. What are the prime factors of t?
2
Suppose 2*b - 19 = 3*d - 2*b, 0 = -5*b - 10. Suppose -18 = -4*m - 86. Let a = d - m. What are the prime factors of a?
2
Let t(c) = -c. Let g(x) = 9*x - 1. Let h(d) = g(d) - 6*t(d). Let q be h(2). Suppose k - 5 = 2*k, -4*f + k + q = 0. List the prime factors of f.
2, 3
Suppose -3*y + 148 = y. List the prime factors of y.
37
List the prime factors of 3*31 - (-7 + (-18)/(-6)).
97
Suppose 0*g - 9 = 5*g - x, 0 = 3*g - x + 7. Suppose -2*f - 9 - 19 = 0. Let y = g - f. What are the prime factors of y?
13
Let j(f) = 1 + 2*f**2 - 2 + f - 4*f - 1. List the prime factors of j(-2).
2, 3
Let p = -10 + 41. List the prime factors of p.
31
Suppose -7*v = -2*v + 40. Let i = v + 12. List the prime factors of i.
2
Let f be 3/3 + 1 + 1. Let t = -8 - -5. Let y = f - t. List the prime factors of y.
2, 3
Let o = -3 - -6. Let r = o - 1. Let u = 12 + r. List the prime factors of u.
2, 7
Let o(s) be the third derivative of s**5/60 + 7*s**4/12 - 11*s**3/3 + 7*s**2. What are the prime factors of o(-16)?
2, 5
Let b be -2 + (3 + -5 - 1). Let o(n) = n**3 + 5*n**2 - 3*n + 1. What are the prime factors of o(b)?
2
What are the prime factors of (-12)/54 - (-346)/18?
19
Let m = -23 - -27. List the prime factors of m.
2
Let q be 0/(-2 + -1) + -3. Let u = 3 - q. List the prime factors of u.
2, 3
Let o = 10 + -7. Suppose 5*y - 78 = 2*l, -o - 3 = -y - 2*l. What are the prime factors of y?
2, 7
Let i(l) = 9*l + 5. Let m be i(8). Suppose 0 = 5*g + v + v - m, 0 = -g - 4*v + 19. What are the prime factors of g?
3, 5
Suppose 2*z = -3*z + 55. Let s = 5 + z. What are the prime factors of s?
2
Suppose 3*m + v = -m + 67, m - 4*v - 21 = 0. What are the prime factors of m?
17
Let u = 6 - -18. Suppose u = 8*x - 4*x. What are the prime factors of x?
2, 3
Suppose 3*j + 2*j - 60 = 0. Let g = j - -8. What are the prime factors of g?
2, 5
Let d(p) = -p + 1. Let w be d(1). Suppose x - 8 = -w. Let t = 11 - x. What are the prime factors of t?
3
Suppose -n = -1, -137 = -4*y + n - 2*n. Suppose -g + 3*p - p + y = 0, -2*p - 66 = -2*g. What are the prime factors of g?
2
Suppose -2*i + 23 = 5*c, 10 = i + 2*c - c. List the prime factors of i.
3
List the prime factors of -1*66*(-3)/6 + 3.
2, 3
Let b = 14 + -11. What are the prime factors of b?
3
Let l(m) = 2*m - 11. List the prime factors of l(8).
5
Suppose p + 4*a + 17 = a, 5*p + a = -15. Let k be (5/(-15))/(p/(-6)). Let n(x) = 13*x**2 - 2*x - 1. List the prime factors of n(k).
2, 7
Let r(s) = s**3 + 4*s**2 - 13*s - 11. What are the prime factors of r(-5)?
29
Let d be ((-54)/(-24))/((-2)/(-40)). Suppose -g + d = -6*g. List the prime factors of ((-20)/(-6))/((-3)/g).
2, 5
Let o be 242/5 + (-2)/5. Suppose o = -2*l + 5*l. What are the prime factors of l?
2
Let c(n) = n**3 - 2*n**2 - 5*n - 5. List the prime factors of c(5).
3, 5
Let y(t) = t**2 + 0*t**2 + t + 13 - t**2 + t**3. Let u(v) = v**3 - v. Let q be u(-1). List the prime factors of y(q).
13
List the prime factors of (-2 + (-856)/12)/((-3)/9).
2, 5, 11
Let y = 2 + 0. Suppose u = -u + 5*n + 22, 5*u - y*n - 13 = 0. What are the prime factors of 1*(0 - u)*-17?
17
Let t = -141 - -267. List the prime factors of t.
2, 3, 7
Let g(t) be the third derivative of -t**4/12 - t**3 - 4*t**2. Let u be (2 + -2 - 10) + 0. List the prime factors of g(u).
2, 7
Suppose -z - 4*n = -22, 3*n + 1 - 16 = 0. Let l(b) = b + 1. Let s be l(4). What are the prime factors of 26/s + z/(-10)?
5
Suppose -2*o + 5 = 3*v - 2*v, 0 = 5*o - v - 16. Let a = o + 14. List the prime factors of a.
17
Let s(w) = -w**3 + 9*w**2 + 2*w + 5. Let y(l) = l**3 - 9*l**2 - 2*l - 4. Let f(h) = 4*s(h) + 3*y(h). What are the prime factors of f(9)?
2, 13
List the prime factors of 26/8*-2*-8.
2, 13
Let j = 0 + 0. Suppose 4*p + 2*v = 142, v - 107 = -3*p - j*v. Let b = p + -22. List the prime factors of b.
2, 7
Let x = 58 + -9. Let z = 102 - x. List the prime factors of z/11 + 14/77.
5
Suppose -10 + 2 = -4*q. Suppose -o + 1 - q = 0. What are the prime factors of (1 - (-2)/o) + 8?
7
Let d = 168 - 89. Suppose d + 73 = 4*y. What are the prime factors of y?
2, 19
Let o = 3 + 24. What are the prime factors of o?
3
Let q(k) = -k**3 + 8*k**2 + 5*k - 7. List the prime factors of q(8).
3, 11
Let z(d) = 2*d - 11. Let w be z(10). Suppose 0 = 2*y - y - w. List the prime factors of y.
3
Suppose 17 = -0*y - y. Let s = 3 - y. Suppose w - s = -3*g - 0*w, g = -3*w + 12. List the prime factors of g.
2, 3
Let n(m) = m - 4. Let i be n(4). Suppose 2*p + 3*p + 10 = i. Let l = p - -7. List the prime factors of l.
5
List the prime factors of ((-9)/(-6))/(-1) - 1463/(-22).
5, 13
Let h = 10 - 4. Let p be h/(14/4 - 2). Suppose -23 = -p*n + r, -r - 24 = -3*n - 6. What are the prime factors of n?
5
Suppose 2*i - 201 = -o, -9*i = -7*i + 3*o - 199. List the prime factors of i.
101
Let u = -2 - -10. Suppose 5*w + 49 = 3*p - p, 3*w - u = -p. List the prime factors of p.
17
Let p be 3*(-3)/(-6)*-8. Let m(o) = o**3 + 8*o**2 + 2*o + 8. Let z be m(-8). List the prime factors of (-35)/(-3) - z/p.
11
Let x(d) = -72*d + 2. What are the prime factors of x(-3)?
2, 109
Suppose 19*z = 17*z + 24. List the prime factors of z.
2, 3
Let p = -7 + 18. What are the prime factors of p?
11
Let n(q) = q**3 - 6*q**2 + 7*q + 7. Let y be n(6). Suppose 2*u - y = -15. List the prime factors of u.
17
Suppose 0*l + 4*l = 0. Suppose l = 2*k - 2*w - 82, 0 = -5*k - 2*w + 120 + 113. What are the prime factors of k?
3, 5
Suppose 3*y = -y + 8. Suppose y = m + m. What are the prime factors of m + 3 + 2 - -1?
7
Let j = -5 + 7. Suppose -60 = -f - j*f. Suppose f = -0*t + 5*t. What are the prime factors of t?
2
Let d(o) = 2*o - 20. What are the prime factors of d(16)?
2, 3
Suppose 21 = 3*k - 3*i, 2*k + 29 = 5*k - 5*i. Suppose k*f + 6 = 18. Suppose -a + f = -1. What are the prime factors of a?
5
Let u be (0/1 + -2)*-1. Suppose -u*p = -3*p + 6. What are the prime factors of p?
2, 3
Let z(f) = -82*f + 21. List the prime factors of z(-2).
5, 37
Suppose -2*l + 4 = 5*k - 0*k, 5*l = 5*k + 10. Suppose 0 = 2*o - c - 40, -3*c = 3*o + l*c - 86. List the prime factors of o.
2, 11
Let g(l) = -2*l**2 + 13*l + 10. Let u(i) = -3*i**2 + 27*i + 20. Let h(x) = 5*g(x) - 3*u(x). List the prime factors of h(-15).
5
Let